2?
-24591a
Convert -3ddd39 (base 15) to base 16.
-2d84c0
Convert -11111100110000000 (base 2) to base 7.
-1046166
1886b (base 15) to base 4
103122212
What is 129e5 (base 15) in base 3?
10000202222
What is 15226615 (base 7) in base 5?
332440233
236c2 (base 13) to base 3
10022000011
What is 603051 (base 7) in base 12?
4ab83
What is -1686780 (base 9) in base 2?
-11100110010010000100
What is -3410831 (base 10) in base 12?
-1185a3b
-15353045 (base 6) to base 3
-1000121211002
What is 30022003110 (base 4) in base 16?
30a0d4
What is -2897f (base 16) in base 3?
-22110002012
Convert -78e989 (base 15) to base 8.
-26005455
What is -3a3c1a (base 13) in base 6?
-50103043
Convert 801374 (base 9) to base 11.
2a3772
What is 42413144 (base 6) in base 11?
7812a0
1310301222 (base 4) to base 6
14130230
What is -111010111010011100 (base 2) in base 14?
-63d24
Convert -291293 (base 10) to base 7.
-2322152
27bc9 (base 14) to base 5
11121443
What is -11000110101000011110 (base 2) in base 11?
-5062a5
Convert 101110010111011001 (base 2) to base 7.
1420453
What is 132951 (base 14) in base 2?
10100001001110101011
What is -15015543 (base 6) in base 9?
-865480
1218a44 (base 13) to base 10
5617278
What is 33964b0 (base 12) in base 8?
45614104
What is -100001100111011101001 (base 2) in base 12?
-451575
What is -1221210020121 (base 3) in base 10?
-1039003
-43340 (base 6) to base 14
-2260
-241414121 (base 6) to base 9
-8517624
What is 34d851 (base 15) in base 3?
11202100112111
-37562 (base 9) to base 10
-25247
What is 627778 (base 16) in base 9?
13125004
174309 (base 15) to base 4
10103113332
Convert -65c7b8 (base 15) to base 4.
-102200132213
What is -2122021012110 (base 3) in base 9?
-2567173
436ab (base 13) to base 3
20012100011
Convert -12336653 (base 7) to base 8.
-4211207
161650425 (base 7) to base 5
10244434040
-1340010 (base 5) to base 12
-13b01
What is -151312615 (base 7) in base 14?
-1499db5
Convert 100301202 (base 4) to base 8.
206142
-27220 (base 14) to base 7
-551140
-3530424 (base 8) to base 4
-3223010110
What is 252000 (base 8) in base 5?
10241130
What is -12122000211 (base 3) in base 7?
-641056
What is 14a9b6b (base 12) in base 14?
7b6a8b
-1200165 (base 9) to base 10
-649679
72c042 (base 13) to base 8
12167337
Convert 26c24 (base 13) to base 14.
1c52a
-2736 (base 11) to base 12
-2078
89c0b (base 13) to base 8
750674
What is -23247767 (base 8) in base 11?
-29507a0
What is -58874 (base 9) in base 2?
-1001100110111000
-21020113 (base 4) to base 9
-56264
What is 10011000200120 (base 3) in base 8?
6304524
What is -113603444 (base 7) in base 3?
-111020211201022
-bd35b (base 15) to base 14
-1192d1
Convert -320592 (base 12) to base 9.
-1432022
2836671 (base 9) to base 3
2221020202101
-19d0b (base 14) to base 15
-146d1
-3618183 (base 9) to base 13
-53886c
What is -3d899 (base 14) in base 6?
-3134331
Convert -2014332030 (base 5) to base 8.
-17366426
Convert -10010011001100101 (base 2) to base 10.
-75365
What is 1170343 (base 12) in base 6?
200242123
-100011010011011100101011 (base 2) to base 6
-530205455
-261588 (base 15) to base 9
-3384312
-11120101112 (base 3) to base 15
-1b9bb
Convert -127953 (base 16) to base 4.
-10213211103
What is 37861 (base 11) in base 10?
54275
1567610 (base 8) to base 13
12bb74
What is 1100000111001000101 (base 2) in base 7?
3242024
-3010510 (base 6) to base 3
-21012000220
100102221011 (base 3) to base 13
6678a
What is 132111444 (base 6) in base 7?
31200613
Convert 111001110110100101 (base 2) to base 4.
321312211
Convert -745171 (base 14) to base 6.
-220141435
Convert -a0450a (base 11) to base 6.
-54351321
-21503730 (base 8) to base 4
-101220133120
What is 1a701 (base 13) in base 16?
ca03
Convert -1997a6 (base 15) to base 4.
-10300132002
Convert -52562023 (base 7) to base 16.
-43ef3d
-1444720 (base 10) to base 5
-332212340
1177425 (base 14) to base 12
296b9a1
What is 120000011333 (base 4) in base 13?
13c3aa8
-34250622 (base 7) to base 12
-1000816
-28ccd (base 15) to base 13
-478cc
What is -6268093 (base 10) in base 4?
-113322102331
Convert 272a79 (base 12) to base 9.
1186553
What is -3013202333 (base 4) in base 7?
-6642632
Convert 4354110 (base 8) to base 15.
1817a5
474878 (base 10) to base 14
c50bc
What is 213320030 (base 5) in base 13?
261450
What is 101011110100100001101 (base 2) in base 13?
3b3772
What is -1a55c (base 14) in base 5?
-4120133
What is -602250 (base 7) in base 8?
-306435
-341028 (base 9) to base 2
-110001110101110010
What is -19577 (base 16) in base 14?
-29b83
Convert -3302013241 (base 5) to base 4.
-122330200103
Convert 44230014 (base 6) to base 10.
1325818
-49202c (base 14) to base 13
-698113
What is 11653540 (base 8) in base 14?
4b1864
Convert -11364213 (base 8) to base 11.
-14475a2
What is 3023031023 (base 4) in base 12?
34180b
Convert 16db (base 14) to base 9.
5570
Convert 635711 (base 9) to base 4.
1130111113
What is -422443010 (base 5) in base 2?
-110101111000000000100
Convert -2415b (base 13) to base 6.
-1230135
Convert -1000100101011001 (base 2) to base 12.
-18421
What is -2210001110110 (base 3) in base 7?
-15361653
Convert -2543584 (base 10) to base 15.
-3539c4
54006306 (base 7) to base 6
242220230
Convert 1111110100111001100 (base 2) to base 3.
222100101120
532113505 (base 6) to base 15
c47b05
Convert -10201120221 (base 3) to base 14.
-1ca1c
-113112111233 (base 4) to base 14
-b54891
Convert -10000101110011001011100 (base 2) to base 5.
-2110244343
3bb804 (base 12) to base 8
3626704
Convert 2102120222021 (base 3) to base 9.
2376867
Convert 576a13 (base 12) to base 6.
50010423
Convert 75554d (base 14) to base 10.
3971617
610367 (base 8) to base 16
310f7
What is -120ad6 (base 14) in base 15?
-c2b54
What is -138a54 (base 14) in base 6?
-22302310
-1727945 (base 11) to base 4
-23031130133
Convert -1651532 (base 8) to base 5.
-110330330
784864 (base 9) to base 11
2a0786
Convert -2071f (base 16) to base 14.
-36607
Convert -4ab541 (base 12) to base 7.
-13251016
86263 (base 12) to base 7
1333632
What is -72503 (base 9) in base 3?
-2102120010
What is -112147 (base 8) in base 7?
-215522
Convert -1052049 (base 14) to base 7.
-122452122
What is 223002221 (base 4) in base 12?
86035
187a02 (base 11) to base 5
33214313
-2212134 (base 5) to base 15
-b5b4
2227322 (base 9) to base 12
49a178
What is -202404 (base 8) in base 6?
-1233204
Convert a05106 (base 12) to base 16.
261a56
Convert 927c20 (base 13) to base 15.
477312
136450305 (base 7) to base 2
100010011010010100100101
What is 608471 (base 10) in base 11?
386176
What is -10262 (base 10) in base 4?
-2200112
8a06dd (base 14) to base 2
10001111000100011111011
What is 123350 (base 9) in base 13?
27c90
280740 (base 10) to base 11
181a19
6757330 (base 10) to base 2
11001110001101111010010
What is 3004404 (base 6) in base 15?
2bb8a
340ab4 (base 12) to base 2
11001010111000101000
Convert -11202002202221 (base 3) to base 11.
-1472445
-456181 (base 11) to base 10
-725605
Convert -1101011011010111110010 (base 2) to base 7.
-41630231
What is c5081 (base 13) in base 8?
1263036
What is -29d496 (base 15) in base 12?
-8146a3
What is 17824125 (base 9) in base 10?
8991590
-100111110010111110 (base 2) to base 14
-43594
What is -146d1 (base 15) in base 4?
-100002013
57a758 (base 13) to base 15
2b12b3
What is 1100001110111011 (base 2) in base 7?
266041
Convert -bd166 (base 14) to base 2.
-1101111111100100110
Convert 13143311 (base 5) to base 7.
1054106
What is 10142113 (base 5) in base 8?
244101
Convert -20612 (base 11) to base 8.
-72505
What is -6461941 (base 10) in base 15?
-8799b1
-122420023 (base 5) to base 12
-246640
Convert -b933 (base 13) to base 4.
-12102002
Convert 577466 (base 9) to base 8.
1245043
Convert 71207 (base 13) to base 12.
99205
bb6bd3 (base 15) to base 10
8932923
Convert 1643168 (base 9) to base 14.
19b2bb
Convert 1003011333 (base 4) to base 9.
457870
Convert 21535235 (base 6) to base 8.
2366347
What is -101211111101 (base 3) in base 2?
-110100000011101101
What is -1917803 (base 10) in base 6?
-105034415
Convert -1426400 (base 8) to base 5.
-100422421
Convert 232b630 (base 13) to base 4.
221120320233
What is 21404432 (base 5) in base 6?
3544240
What is -89a52 (base 14) in base 6?
-11054320
-4441033 (base 5) to base 6
-1355243
Convert -1cc63cc (base 14) to base 8.
-67125320
6b58 (